on factor of g and r.
10
Suppose 0 = 5*g - 3*d - 195, 2*g - 148 = -2*g + 4*d. What is the highest common factor of g and 168?
42
Let a = 87 - -65. Calculate the highest common divisor of a and 19.
19
Let t = -238 - 18. Let u = t + 443. Let j(f) = -f**3 - 6*f**2 - 2*f + 5. Let l be j(-6). What is the greatest common divisor of u and l?
17
Let f(n) = 2*n + 38. Let o be f(-7). Calculate the highest common factor of o and 12.
12
Let d = -10 - -17. Let t(a) = -a**3 + 7*a**2 + 3*a + 9. Let n be t(d). What is the greatest common factor of n and 75?
15
Let y = -35 - -61. Let a be 4/(-10) + (-132)/(-5). Calculate the highest common factor of y and a.
26
Let b be 5/((-70)/(-472)) - (-4)/14. What is the highest common divisor of 17 and b?
17
Let a = -12 - -152. What is the greatest common factor of 28 and a?
28
Suppose -18*y + 160 = -13*y. Calculate the greatest common divisor of y and 128.
32
Suppose 2 = -p - 2*k + 6, 5*p - 5*k - 5 = 0. Suppose -p*z = -66 - 14. Calculate the greatest common factor of z and 20.
20
Suppose -6*m + m = -375. Suppose 6*w - m = w. What is the highest common divisor of w and 5?
5
Suppose x + x = 8. Suppose 0 = f - 5*p + 3 + 5, -16 = -4*f + x*p. Suppose -3*d + f = -2*d. What is the greatest common divisor of 7 and d?
7
Let j(k) = -k**3 - 4*k**2 + 22*k + 9. Let g be j(-7). What is the greatest common factor of 10 and g?
2
Suppose 3*y - 198 = -0*y. Let f = 106 - y. Calculate the greatest common factor of f and 60.
20
Let r = 11 + -4. Calculate the highest common divisor of 1 and r.
1
Suppose -30 = 2*j - 7*j. What is the greatest common factor of 6 and j?
6
Let a = 51 + -11. Calculate the greatest common divisor of a and 10.
10
Let l be (-240)/36*(2 - (-308)/(-10)). What is the highest common divisor of 12 and l?
12
Suppose 11*j - 10*j - 12 = 0. Let l be 1 - (-2)/1*1. What is the greatest common factor of l and j?
3
Let n(l) = -3*l - 7. Let t be n(-4). Let s be t + -4 + 3 + -2. Calculate the highest common divisor of 10 and s.
2
Let g = -8 + 24. Suppose -2*q + 8 = -4. Let d be 20/(0 - (-3)/q). Calculate the highest common divisor of d and g.
8
Suppose 3*n + 10 = 4. Let t be (n + -1)/((-4)/4). Suppose -5*p = -7 - t, 3*q = 5*p + 98. Calculate the highest common divisor of q and 12.
12
Let r be 6/9 + 28/3. Let h = -19 + 24. What is the highest common factor of h and r?
5
Let p = -31 - -51. Suppose 3*y - 42 = -3*r, 6*y = 2*y + 5*r + p. What is the greatest common divisor of 5 and y?
5
Suppose -t - 5*v = 12, -4*t + 2*v - v + 36 = 0. Let c = 9 - -23. Calculate the highest common divisor of c and t.
8
Suppose -z + 47 = 5*g, 30 + 7 = z + 3*g. Let j = 4 + 51. What is the greatest common factor of z and j?
11
Suppose x - 6 = 31. What is the highest common divisor of x and 259?
37
Suppose -542 = -4*h + 2*z, -h + 275 = h + 3*z. Let p = h + -17. Suppose r - 14 = 3. Calculate the highest common divisor of r and p.
17
Let i(b) = 3*b**2 - 2*b + 1. Let z be i(1). Let s be 2 + -5 - (z + -4). Let r(d) = 86*d**2 + d. Let f be r(s). Calculate the highest common divisor of 17 and f.
17
Let f be -1 + (4 + -3 + -2)*-21. What is the highest common divisor of f and 40?
20
Suppose -10*y + 6*y + 72 = 0. Calculate the greatest common divisor of 9 and y.
9
Suppose k = 13 + 5. What is the greatest common factor of k and 54?
18
Let i = 38 + -33. What is the highest common factor of i and 2?
1
Suppose 53*m = 50*m + 6. Calculate the greatest common divisor of 5 and m.
1
Let n be (2 + 45/(-6))*-8. Suppose 11 = 3*q - 2*q. Calculate the greatest common factor of n and q.
11
Suppose 7*f = 2*f + 100. Calculate the highest common factor of 60 and f.
20
Let s(w) = -2*w**3 - w - 1. Let g be s(-1). Suppose -3*f + g*o + 1 = -3*o, -1 = -o. Suppose 0*j = -2*j + 44. Calculate the highest common divisor of j and f.
2
Let y = -18 - -34. Let a(z) = z**3 + 3*z**2 - 2*z - 4. Suppose 2*c + 21 = -3*v, -v = -1 + 6. Let r be a(c). Calculate the greatest common factor of y and r.
2
Suppose 3*c + 43 = -185. Let x = c + 263. Let b be x/3 - 4/(-6). What is the greatest common factor of 7 and b?
7
Suppose -2 + 12 = -2*b, v + 5*b + 22 = 0. What is the highest common divisor of v and 24?
3
Let y(p) = -28*p - 13. Let n be y(-4). What is the highest common factor of n and 33?
33
Let g = -1 - -5. Suppose -14 + 2 = -g*i. Suppose 0 = -4*c + i*n + 41, 3*n - n = -4*c + 66. Calculate the highest common factor of c and 126.
14
Suppose 28 = 4*s + 4*d, -s - 1 = 2*d - 10. Let l be 32/18 + (-4)/(-18). What is the highest common divisor of s and l?
1
Let v(y) = y**2 + 9*y + 14. Let t be v(-10). What is the highest common factor of t and 12?
12
Let b be (-3)/6 + (-14)/(-4). Let g = -29 + 44. What is the greatest common divisor of g and b?
3
Suppose -17*a + 14*a + 36 = 0. Suppose -3 = -5*i + 12, -5*o - 2*i + 46 = 0. Calculate the greatest common factor of a and o.
4
Let b be (-2)/(-2) - 10*1. Let d = -3 - b. Suppose l = -4*l + 75. What is the highest common factor of d and l?
3
Suppose 0 = 3*c - 12 - 15. Suppose -836 = -9*t + 55. What is the greatest common divisor of c and t?
9
Let s(a) = -a**3 - 4*a**2 - 4*a + 1. Let g be s(-3). Let d be (-140)/(-18) + g/18. Calculate the highest common divisor of 40 and d.
8
Let u be 0 - 0 - 0 - -12. Suppose z - 4 = 3*z, 2*h - 3*z = 36. Let s = h - 11. Calculate the highest common factor of u and s.
4
Suppose 2*h + 4*g = g + 240, -5*h + 581 = -2*g. What is the highest common factor of h and 9?
9
Let b be (13 - 7)/(((-6)/(-8))/1). Let u(p) = -p**2 - p + 264. Let h be u(0). Suppose -c - 2*c = -h. What is the highest common divisor of c and b?
8
Let c = 13 - 4. Let f = c - 2. Suppose 42 = 9*q - 6*q. Calculate the greatest common divisor of f and q.
7
Let m(x) = -27*x + 19. Let l(t) = 7*t - 5. Let r(g) = -22*l(g) - 6*m(g). Let s be r(5). Calculate the highest common divisor of 4 and s.
4
Let j(x) = -x**3 + 9*x**2 + 10*x + 5. Let n be j(10). Let z(k) = 4*k. Let l be z(5). What is the greatest common factor of l and n?
5
Let g = -73 - -105. Calculate the highest common factor of g and 8.
8
Suppose -h = -0*h - 74. Calculate the greatest common factor of h and 185.
37
Let a = 12 - 10. Suppose -w = -a*w + 39. What is the greatest common factor of 13 and w?
13
Suppose n - 7 = 1. Suppose 5*i - n*i = -12. Calculate the highest common divisor of i and 24.
4
Let h = -40 - -43. What is the highest common divisor of 1 and h?
1
Suppose -5*t - u + 0*u = -3083, -5*t + 2*u + 3074 = 0. What is the greatest common factor of 56 and t?
56
Suppose -3*n = -4*l - 0*n + 198, 5*l - 253 = n. What is the highest common divisor of 34 and l?
17
Let m be 1/(-5) - (-66)/30. Calculate the highest common factor of m and 16.
2
Suppose -2 = -j + 3*j. Let b = j + 17. Calculate the greatest common divisor of b and 8.
8
Let n(z) = -z**3 + 6*z + 3. Let y be n(-4). Let f = y + 20. What is the greatest common divisor of f and 7?
7
Let z = -12 + 4. Let t be 0 + (-42)/(z/4). Let k(m) = -18*m**3 + 2*m**2 + 2*m - 1. Let r be k(-2). What is the greatest common divisor of t and r?
21
Let t = 2 + 0. Let d be 1020/27 - t/(-9). Suppose 3*o = -2*o + 285. What is the greatest common divisor of d and o?
19
Let l = 149 + -146. Let t be 3/(((-3)/(-5))/3). Calculate the highest common divisor of l and t.
3
Let k be 7/21 - (-32)/3. What is the greatest common factor of 121 and k?
11
Suppose 10 = -2*t + 7*t. What is the highest common divisor of t and 3?
1
Let h = 40 + -29. What is the greatest common divisor of h and 22?
11
Let a = 8 + -13. Let j = 0 - a. Suppose -4*s + 0*s = -4*t + 396, j*s - 273 = -3*t. Calculate the highest common divisor of t and 12.
12
Let g = -63 - -99. Let d(l) = -2*l**2 + 20*l + 9. Let i be d(10). What is the greatest common factor of i and g?
9
Suppose -4 = -2*x - 18. Let f(h) be the first derivative of h**3/3 + 2*h**2 - 5. Let b be f(x). Calculate the highest common divisor of b and 7.
7
Let u = 19 - 16. Suppose u*w - 42 - 9 = 0. Calculate the highest common divisor of 85 and w.
17
Let q = -485 + -1. Let r be q/(-14) + (-6)/(-21). Calculate the highest common factor of 5 and r.
5
Suppose 3*i - 715 = -2*i - 2*l, -4*i - l = -575. Calculate the highest common factor of i and 58.
29
Suppose -2*k = 4*n - 24, 0 = k - 2. Suppose 0 = 5*o + 5, 5*q - 3*o - 22 = -o. Suppose 0 = -c + q*c - 15. Calculate the grea